{"id":18,"date":"2017-11-02T08:24:08","date_gmt":"2017-11-02T07:24:08","guid":{"rendered":"http:\/\/jesingen-ski.de\/page\/?page_id=18"},"modified":"2021-10-20T20:18:10","modified_gmt":"2021-10-20T18:18:10","slug":"abteilung","status":"publish","type":"page","link":"https:\/\/jesingen-ski.de\/page\/abteilung\/","title":{"rendered":"Abteilung"},"content":{"rendered":"<p>Als vor \u00fcber\u00a050 Jahren die Skiabteilung des TSV Jesingen gegr\u00fcndet wurde, konnten sich die Gr\u00fcndungsmitglieder sicherlich noch nicht vorstellen, wie gut sich der Skisport im Laufe der Jahrzehnte in Jesingen weiterentwickeln w\u00fcrde.<br \/>\nUnsere erfolgreiche Vereinsgeschichte haben wir zu einem gro\u00dfen Teil unserem langj\u00e4hrigen Abteilungsleiter Gerhard Fischer zu verdanken.<br \/>\nIn den vergangenen 50 Jahren pr\u00e4gte er als Gr\u00fcndungsmitglied, langj\u00e4hriger Abteilungsleiter, sowie zuletzt als Beisitzer im Abteilungsausschuss unsere Abteilung wie kein anderer und lebt uns bis heute vor, was engagierte und mit Tatkraft, Augenma\u00df und Freude betriebene Vereinsarbeit bedeutet.<\/p>\n<p>So war es schon fr\u00fch ein Anliegen der Skiabteilung, ihren Mitgliedern neben dem Skifahren Aktivit\u00e4ten anzubieten, die sie auch \u00fcber die schneelose Jahreszeit hinweg gemeinsam unternehmen konnten.<br \/>\nStellvertretend hierf\u00fcr steht unsere j\u00e4hrliche Familienwanderung an den Sickenb\u00fchl.<\/p>\n<p>Neben unserem weithin bekannten und erfolgreichen Ski- und Snowboardkurs ist im Freizeitbereich sicherlich die Familien- und Jugendfreizeit am Pizol unser absolutes Highlight. Seit mittlerweile \u00fcber 45 Jahren erobern wir in der ersten Januarwoche die Pisten rund um \u201eunser\u201c Hotel Furt und die Gaffia.<br \/>\nHier liegt mitunter ein Grundstein der guten Kameradschaft in unserer Abteilung.<\/p>\n<p>Aber nicht nur im Freizeitbereich hat die Skiabteilung einiges zu bieten, auch im Rennsport wurde \u00fcber viele Jahre hinweg erfolgreiche Arbeit geleistet, und so stellen wir im Kinder- und Jugendbereich mittlerweile regelm\u00e4\u00dfig eine der gr\u00f6\u00dften Rennmannschaften unseres Bezirkes Mittlere Alb.<\/p>\n<p>Was w\u00e4re eine Abteilung ohne ihre vielen ehrenamtlich engagierten Mitglieder, die sich \u00fcber das ganze Jahr hinweg um die Abteilung und ihre Mitglieder k\u00fcmmern und so insbesondere den Kindern und Jugendlichen Gemeinschaft und soziales Miteinander vorleben und vermitteln.<br \/>\nDaher ist es uns auch ein besonderes Anliegen, uns bei all denen zu bedanken, die sich in unserer Abteilung engagieren und sich in ihrer Freizeit f\u00fcr die Aktivit\u00e4ten der Skiabteilung zur Verf\u00fcgung stellen.<\/p>\n<p>Eure Abteilungsleiter<br \/>\nTamara Fahn, Kai Huttenlocher, Holger Hau\u00dfmann<\/p>\n","protected":false},"excerpt":{"rendered":"<p>Als vor \u00fcber\u00a050 Jahren die Skiabteilung des TSV Jesingen gegr\u00fcndet wurde, konnten sich die Gr\u00fcndungsmitglieder sicherlich noch nicht vorstellen, wie gut sich der Skisport im Laufe der Jahrzehnte in Jesingen weiterentwickeln w\u00fcrde. Unsere erfolgreiche Vereinsgeschichte haben wir zu einem gro\u00dfen Teil unserem langj\u00e4hrigen Abteilungsleiter Gerhard Fischer zu verdanken. In den vergangenen 50 Jahren pr\u00e4gte er [&hellip;]<\/p>\n","protected":false},"author":1,"featured_media":0,"parent":0,"menu_order":0,"comment_status":"closed","ping_status":"closed","template":"","meta":{"footnotes":""},"class_list":["post-18","page","type-page","status-publish","hentry"],"_links":{"self":[{"href":"https:\/\/jesingen-ski.de\/page\/wp-json\/wp\/v2\/pages\/18","targetHints":{"allow":["GET"]}}],"collection":[{"href":"https:\/\/jesingen-ski.de\/page\/wp-json\/wp\/v2\/pages"}],"about":[{"href":"https:\/\/jesingen-ski.de\/page\/wp-json\/wp\/v2\/types\/page"}],"author":[{"embeddable":true,"href":"https:\/\/jesingen-ski.de\/page\/wp-json\/wp\/v2\/users\/1"}],"replies":[{"embeddable":true,"href":"https:\/\/jesingen-ski.de\/page\/wp-json\/wp\/v2\/comments?post=18"}],"version-history":[{"count":7,"href":"https:\/\/jesingen-ski.de\/page\/wp-json\/wp\/v2\/pages\/18\/revisions"}],"predecessor-version":[{"id":2395,"href":"https:\/\/jesingen-ski.de\/page\/wp-json\/wp\/v2\/pages\/18\/revisions\/2395"}],"wp:attachment":[{"href":"https:\/\/jesingen-ski.de\/page\/wp-json\/wp\/v2\/media?parent=18"}],"curies":[{"name":"wp","href":"https:\/\/api.w.org\/{rel}","templated":true}]}}

<p>Als vor über 50 Jahren die Skiabteilung des TSV Jesingen gegründet wurde, konnten sich die Gründungsmitglieder sicherlich noch nicht vorstellen, wie gut sich der Skisport im Laufe der Jahrzehnte in Jesingen weiterentwickeln würde.<br />
Unsere erfolgreiche Vereinsgeschichte haben wir zu einem großen Teil unserem langjährigen Abteilungsleiter Gerhard Fischer zu verdanken.<br />
In den vergangenen 50 Jahren prägte er als Gründungsmitglied, langjähriger Abteilungsleiter, sowie zuletzt als Beisitzer im Abteilungsausschuss unsere Abteilung wie kein anderer und lebt uns bis heute vor, was engagierte und mit Tatkraft, Augenmaß und Freude betriebene Vereinsarbeit bedeutet.</p>
<p>So war es schon früh ein Anliegen der Skiabteilung, ihren Mitgliedern neben dem Skifahren Aktivitäten anzubieten, die sie auch über die schneelose Jahreszeit hinweg gemeinsam unternehmen konnten.<br />
Stellvertretend hierfür steht unsere jährliche Familienwanderung an den Sickenbühl.</p>
<p>Neben unserem weithin bekannten und erfolgreichen Ski- und Snowboardkurs ist im Freizeitbereich sicherlich die Familien- und Jugendfreizeit am Pizol unser absolutes Highlight. Seit mittlerweile über 45 Jahren erobern wir in der ersten Januarwoche die Pisten rund um „unser“ Hotel Furt und die Gaffia.<br />
Hier liegt mitunter ein Grundstein der guten Kameradschaft in unserer Abteilung.</p>
<p>Aber nicht nur im Freizeitbereich hat die Skiabteilung einiges zu bieten, auch im Rennsport wurde über viele Jahre hinweg erfolgreiche Arbeit geleistet, und so stellen wir im Kinder- und Jugendbereich mittlerweile regelmäßig eine der größten Rennmannschaften unseres Bezirkes Mittlere Alb.</p>
<p>Was wäre eine Abteilung ohne ihre vielen ehrenamtlich engagierten Mitglieder, die sich über das ganze Jahr hinweg um die Abteilung und ihre Mitglieder kümmern und so insbesondere den Kindern und Jugendlichen Gemeinschaft und soziales Miteinander vorleben und vermitteln.<br />
Daher ist es uns auch ein besonderes Anliegen, uns bei all denen zu bedanken, die sich in unserer Abteilung engagieren und sich in ihrer Freizeit für die Aktivitäten der Skiabteilung zur Verfügung stellen.</p>
<p>Eure Abteilungsleiter<br />
Tamara Fahn, Kai Huttenlocher, Holger Haußmann</p>

<p>Als vor über 50 Jahren die Skiabteilung des TSV Jesingen gegründet wurde, konnten sich die Gründungsmitglieder sicherlich noch nicht vorstellen, wie gut sich der Skisport im Laufe der Jahrzehnte in Jesingen weiterentwickeln würde. Unsere erfolgreiche Vereinsgeschichte haben wir zu einem großen Teil unserem langjährigen Abteilungsleiter Gerhard Fischer zu verdanken. In den vergangenen 50 Jahren prägte er [&hellip;]</p>
