{"id":365,"date":"2018-05-16T13:02:16","date_gmt":"2018-05-16T11:02:16","guid":{"rendered":"http:\/\/jesingen-ski.de\/page\/?page_id=365"},"modified":"2025-11-05T10:35:23","modified_gmt":"2025-11-05T09:35:23","slug":"ladies-day-2","status":"publish","type":"page","link":"https:\/\/jesingen-ski.de\/page\/ausfahrten\/ladies-day-2\/","title":{"rendered":"Ladies Day 2026"},"content":{"rendered":"\n<h3 class=\"wp-block-heading\">Ladies, Schnee, Sonne und Spa\u00df pur<\/h3>\n\n\n\n<h4 class=\"wp-block-heading\"><strong>Termin: xx.xx.2026 (Es steht noch nicht fest ob und wann der Ladysday 2026 stattfindet.\u00a0<\/strong><\/h4>\n\n\n\n<p><span style=\"font-family: 'Verdana',sans-serif; font-size: 9pt;\"><span style=\"color: #000000;\">Ladies aufgepasst:<br><\/span><span style=\"color: #000000;\"> Wer von Euch will nicht schon lange mal wieder einen Tag fernab von Job, Haushalt und dem Alltagstrott verbringen?<\/span><\/span><\/p>\n\n\n\n<p><span style=\"font-family: 'Verdana',sans-serif; font-size: 9pt;\"><span style=\"color: #000000;\">Dann seid Ihr hier genau richtig. Wir bieten Euch ein All-inclsuive-Paket mit&nbsp;Anreise im komfortablen Reisebus, Prosecco-Fr\u00fchst\u00fcck, herrlichen Abfahrten auf sonnigen Pisten, gem\u00fctlichem Einkehrschwung und einem&nbsp;z\u00fcnftigen Apr\u00e8s-Ski. Beim Ladies Day wird alles geboten, was Euer Frauenherz h\u00f6her schlagen l\u00e4sst!<\/span><\/span><\/p>\n\n\n\n<p><span style=\"font-family: 'Verdana',sans-serif; font-size: 9pt;\"><span style=\"color: #000000;\">Wir starten voraussichtlich um 6.00 Uhr in Jesingen am Parkplatz Lehen\u00e4cker. N\u00e4here Informationen zum Skigebiet und zur genauen Abfahrtszeit werden noch bekannt gegeben.<\/span><\/span><\/p>\n\n\n\n<p><span style=\"font-family: 'Verdana',sans-serif; font-size: 9pt;\"><span style=\"color: #000000;\">Preis f\u00fcr dieses \u201eRundum-Sorglos-Paket\u201c: ca. xx,00\u20ac<br><\/span><span style=\"color: #000000;\"> Nichtmitgliederzuschlag: 10,00\u20ac.<\/span><\/span><\/p>\n\n\n\n<p><span style=\"font-family: 'Verdana',sans-serif; font-size: 9pt;\"><span style=\"color: #000000;\">Anmeldung ab sofort per Email bei &#8230;<\/span><span style=\"color: #000000;\"><br><\/span><span style=\"color: #000000;\"><br>Es wird eine Anzahlung von 25 Euro erhoben, die auf das bei der Anmeldungsbest\u00e4tigung genannte Konto \u00fcberwiesen werden muss, damit die Anmeldung g\u00fcltig ist.<\/span><\/span><\/p>\n\n\n\n<figure class=\"wp-block-image\"><img loading=\"lazy\" decoding=\"async\" width=\"848\" height=\"588\" src=\"https:\/\/jesingen-ski.de\/page\/wp-content\/uploads\/2018\/05\/Ladiesday_02.jpg\" alt=\"\" class=\"wp-image-372\" srcset=\"https:\/\/jesingen-ski.de\/page\/wp-content\/uploads\/2018\/05\/Ladiesday_02.jpg 848w, https:\/\/jesingen-ski.de\/page\/wp-content\/uploads\/2018\/05\/Ladiesday_02-300x208.jpg 300w, https:\/\/jesingen-ski.de\/page\/wp-content\/uploads\/2018\/05\/Ladiesday_02-768x533.jpg 768w\" sizes=\"auto, (max-width: 848px) 100vw, 848px\" \/><\/figure>\n","protected":false},"excerpt":{"rendered":"<p>Ladies, Schnee, Sonne und Spa\u00df pur Termin: xx.xx.2026 (Es steht noch nicht fest ob und wann der Ladysday 2026 stattfindet.\u00a0 Ladies aufgepasst: Wer von Euch will nicht schon lange mal wieder einen Tag fernab von Job, Haushalt und dem Alltagstrott verbringen? Dann seid Ihr hier genau richtig. Wir bieten Euch ein All-inclsuive-Paket mit&nbsp;Anreise im komfortablen [&hellip;]<\/p>\n","protected":false},"author":3,"featured_media":336,"parent":289,"menu_order":4,"comment_status":"closed","ping_status":"closed","template":"","meta":{"footnotes":""},"class_list":["post-365","page","type-page","status-publish","has-post-thumbnail","hentry"],"_links":{"self":[{"href":"https:\/\/jesingen-ski.de\/page\/wp-json\/wp\/v2\/pages\/365","targetHints":{"allow":["GET"]}}],"collection":[{"href":"https:\/\/jesingen-ski.de\/page\/wp-json\/wp\/v2\/pages"}],"about":[{"href":"https:\/\/jesingen-ski.de\/page\/wp-json\/wp\/v2\/types\/page"}],"author":[{"embeddable":true,"href":"https:\/\/jesingen-ski.de\/page\/wp-json\/wp\/v2\/users\/3"}],"replies":[{"embeddable":true,"href":"https:\/\/jesingen-ski.de\/page\/wp-json\/wp\/v2\/comments?post=365"}],"version-history":[{"count":7,"href":"https:\/\/jesingen-ski.de\/page\/wp-json\/wp\/v2\/pages\/365\/revisions"}],"predecessor-version":[{"id":2571,"href":"https:\/\/jesingen-ski.de\/page\/wp-json\/wp\/v2\/pages\/365\/revisions\/2571"}],"up":[{"embeddable":true,"href":"https:\/\/jesingen-ski.de\/page\/wp-json\/wp\/v2\/pages\/289"}],"wp:featuredmedia":[{"embeddable":true,"href":"https:\/\/jesingen-ski.de\/page\/wp-json\/wp\/v2\/media\/336"}],"wp:attachment":[{"href":"https:\/\/jesingen-ski.de\/page\/wp-json\/wp\/v2\/media?parent=365"}],"curies":[{"name":"wp","href":"https:\/\/api.w.org\/{rel}","templated":true}]}}