{"id":53,"date":"2026-01-08T19:00:00","date_gmt":"2026-01-08T18:00:00","guid":{"rendered":"http:\/\/jesingen-ski.de\/page\/?page_id=53"},"modified":"2026-01-08T17:41:31","modified_gmt":"2026-01-08T16:41:31","slug":"partyausfahrt","status":"publish","type":"page","link":"https:\/\/jesingen-ski.de\/page\/ausfahrten\/partyausfahrt\/","title":{"rendered":"Partyausfahrt"},"content":{"rendered":"\n<h3 class=\"wp-block-heading\">Die spa\u00dfigste aller Ausfahrten!<\/h3>\n\n\n\n<h4 class=\"wp-block-heading\"><strong>Termin: <\/strong>14.03.2026<\/h4>\n\n\n\n<p>Party, Spa\u00df und Skivergn\u00fcgen \u2013 diese Kombination spricht f\u00fcr sich und ist bei dieser legend\u00e4ren Ausfahrt garantiert!<\/p>\n\n\n\n<p>Liebe Wintersportfreunde,<\/p>\n\n\n\n<p>am Samstag, <strong>14.03.2026 <\/strong>steigt endlich wieder unsere legend\u00e4re Partyausfahrt ins Montafon.<\/p>\n\n\n\n<p>Los geht es um 5.30 Uhr an der Sportanlage in den Lehen\u00e4ckern.<br>Der Bus wird wieder in St. Gallenkirch parken, sodass man sowohl am Hochjoch als auch in der Nova fahren kann, abends geht es dann bekannterweise ins LIMO.<br>Die R\u00fcckfahrt ist gegen 21.30 Uhr geplant, sodass wir in den fr\u00fchen Morgenstunden Jesingen erreichen werden.<\/p>\n\n\n\n<p>Die Kosten f\u00fcr die Busfahrt, Tagesskipass und gewohntem Busvesper mit Getr\u00e4nken liegen bei ca. 115\u20ac. F\u00fcr Nichtmitglieder der Abt. Ski betr\u00e4gt der Zuschlag wie gewohnt 10 Euro.<\/p>\n\n\n\n<h2 class=\"wp-block-heading\">>><a href=\"https:\/\/jesingen-ski.de\/page\/anmeldung-partyausfahrt-2026\/\" data-type=\"link\" data-id=\"https:\/\/jesingen-ski.de\/page\/anmeldung-partyausfahrt-2026\/\">Hier geht es zur Anmeldung<\/a>&lt;&lt;<\/h2>\n\n\n\n<p>Es wird eine Anzahlung von 50,00\u20ac erhoben, die auf das bei der Anmeldungsbest\u00e4tigung genannte Konto \u00fcberwiesen werden muss, damit die Anmeldung g\u00fcltig ist.<\/p>\n","protected":false},"excerpt":{"rendered":"<p>Die spa\u00dfigste aller Ausfahrten! Termin: 14.03.2026 Party, Spa\u00df und Skivergn\u00fcgen \u2013 diese Kombination spricht f\u00fcr sich und ist bei dieser legend\u00e4ren Ausfahrt garantiert! Liebe Wintersportfreunde, am Samstag, 14.03.2026 steigt endlich wieder unsere legend\u00e4re Partyausfahrt ins Montafon. Los geht es um 5.30 Uhr an der Sportanlage in den Lehen\u00e4ckern.Der Bus wird wieder in St. Gallenkirch parken, [&hellip;]<\/p>\n","protected":false},"author":1,"featured_media":343,"parent":289,"menu_order":5,"comment_status":"closed","ping_status":"closed","template":"","meta":{"footnotes":""},"class_list":["post-53","page","type-page","status-publish","has-post-thumbnail","hentry"],"_links":{"self":[{"href":"https:\/\/jesingen-ski.de\/page\/wp-json\/wp\/v2\/pages\/53","targetHints":{"allow":["GET"]}}],"collection":[{"href":"https:\/\/jesingen-ski.de\/page\/wp-json\/wp\/v2\/pages"}],"about":[{"href":"https:\/\/jesingen-ski.de\/page\/wp-json\/wp\/v2\/types\/page"}],"author":[{"embeddable":true,"href":"https:\/\/jesingen-ski.de\/page\/wp-json\/wp\/v2\/users\/1"}],"replies":[{"embeddable":true,"href":"https:\/\/jesingen-ski.de\/page\/wp-json\/wp\/v2\/comments?post=53"}],"version-history":[{"count":26,"href":"https:\/\/jesingen-ski.de\/page\/wp-json\/wp\/v2\/pages\/53\/revisions"}],"predecessor-version":[{"id":2841,"href":"https:\/\/jesingen-ski.de\/page\/wp-json\/wp\/v2\/pages\/53\/revisions\/2841"}],"up":[{"embeddable":true,"href":"https:\/\/jesingen-ski.de\/page\/wp-json\/wp\/v2\/pages\/289"}],"wp:featuredmedia":[{"embeddable":true,"href":"https:\/\/jesingen-ski.de\/page\/wp-json\/wp\/v2\/media\/343"}],"wp:attachment":[{"href":"https:\/\/jesingen-ski.de\/page\/wp-json\/wp\/v2\/media?parent=53"}],"curies":[{"name":"wp","href":"https:\/\/api.w.org\/{rel}","templated":true}]}}