{"id":80,"date":"2017-12-02T10:56:53","date_gmt":"2017-12-02T09:56:53","guid":{"rendered":"http:\/\/jesingen-ski.de\/page\/?page_id=80"},"modified":"2025-03-30T10:12:56","modified_gmt":"2025-03-30T08:12:56","slug":"radiwadi","status":"publish","type":"page","link":"https:\/\/jesingen-ski.de\/page\/sportangebot\/radiwadi\/","title":{"rendered":"RaDi\/WaDi"},"content":{"rendered":"<h4>In Bewegung bleiben!<\/h4>\n<h5>Immer Dienstags (14t\u00e4gig) um 13.45 Uhr<\/h5>\n<p>Im Sommer:<br \/>\nRaDi &#8211; Radeln dienstags<br \/>\nTreffpunkt am Parkplatz Lehen\u00e4cker<br \/>\nWir organisieren abwechslungsreiche Touren und immer wieder tolle Tagesausfl\u00fcge &#8211; da ist f\u00fcr jeden was dabei !<\/p>\n<p>Im Winter:<br \/>\nWaDi &#8211; Wandern dienstags<br \/>\nTreffpunkt ebenfalls am Parkplatz Lehen\u00e4cker<br \/>\nIm Winter sind wir auf Schusters Rappen unterwegs!<\/p>\n<p>Informationen zu den Touren gibt es bei<\/p>\n<p><strong>Ingrid Bihon, Im B\u00f6ckeler 32,\u00a0 Jesingen, Tel. 07021-59270<\/strong><br \/>\n<strong>Werner Fahn,\u00a0 L\u00e4mmlestr. 3,\u00a0 \u00a0 Jesingen, Tel.\u00a0 07021-82922<\/strong><\/p>\n","protected":false},"excerpt":{"rendered":"<p>In Bewegung bleiben! Immer Dienstags (14t\u00e4gig) um 13.45 Uhr Im Sommer: RaDi &#8211; Radeln dienstags Treffpunkt am Parkplatz Lehen\u00e4cker Wir organisieren abwechslungsreiche Touren und immer wieder tolle Tagesausfl\u00fcge &#8211; da ist f\u00fcr jeden was dabei ! Im Winter: WaDi &#8211; Wandern dienstags Treffpunkt ebenfalls am Parkplatz Lehen\u00e4cker Im Winter sind wir auf Schusters Rappen unterwegs! [&hellip;]<\/p>\n","protected":false},"author":1,"featured_media":352,"parent":76,"menu_order":2,"comment_status":"closed","ping_status":"closed","template":"","meta":{"footnotes":""},"class_list":["post-80","page","type-page","status-publish","has-post-thumbnail","hentry"],"_links":{"self":[{"href":"https:\/\/jesingen-ski.de\/page\/wp-json\/wp\/v2\/pages\/80","targetHints":{"allow":["GET"]}}],"collection":[{"href":"https:\/\/jesingen-ski.de\/page\/wp-json\/wp\/v2\/pages"}],"about":[{"href":"https:\/\/jesingen-ski.de\/page\/wp-json\/wp\/v2\/types\/page"}],"author":[{"embeddable":true,"href":"https:\/\/jesingen-ski.de\/page\/wp-json\/wp\/v2\/users\/1"}],"replies":[{"embeddable":true,"href":"https:\/\/jesingen-ski.de\/page\/wp-json\/wp\/v2\/comments?post=80"}],"version-history":[{"count":10,"href":"https:\/\/jesingen-ski.de\/page\/wp-json\/wp\/v2\/pages\/80\/revisions"}],"predecessor-version":[{"id":2474,"href":"https:\/\/jesingen-ski.de\/page\/wp-json\/wp\/v2\/pages\/80\/revisions\/2474"}],"up":[{"embeddable":true,"href":"https:\/\/jesingen-ski.de\/page\/wp-json\/wp\/v2\/pages\/76"}],"wp:featuredmedia":[{"embeddable":true,"href":"https:\/\/jesingen-ski.de\/page\/wp-json\/wp\/v2\/media\/352"}],"wp:attachment":[{"href":"https:\/\/jesingen-ski.de\/page\/wp-json\/wp\/v2\/media?parent=80"}],"curies":[{"name":"wp","href":"https:\/\/api.w.org\/{rel}","templated":true}]}}

<h4>In Bewegung bleiben!</h4>
<h5>Immer Dienstags (14tägig) um 13.45 Uhr</h5>
<p>Im Sommer:<br />
RaDi &#8211; Radeln dienstags<br />
Treffpunkt am Parkplatz Lehenäcker<br />
Wir organisieren abwechslungsreiche Touren und immer wieder tolle Tagesausflüge &#8211; da ist für jeden was dabei !</p>
<p>Im Winter:<br />
WaDi &#8211; Wandern dienstags<br />
Treffpunkt ebenfalls am Parkplatz Lehenäcker<br />
Im Winter sind wir auf Schusters Rappen unterwegs!</p>
<p>Informationen zu den Touren gibt es bei</p>
<p><strong>Ingrid Bihon, Im Böckeler 32,  Jesingen, Tel. 07021-59270</strong><br />
<strong>Werner Fahn,  Lämmlestr. 3,    Jesingen, Tel.  07021-82922</strong></p>

<p>In Bewegung bleiben! Immer Dienstags (14tägig) um 13.45 Uhr Im Sommer: RaDi &#8211; Radeln dienstags Treffpunkt am Parkplatz Lehenäcker Wir organisieren abwechslungsreiche Touren und immer wieder tolle Tagesausflüge &#8211; da ist für jeden was dabei ! Im Winter: WaDi &#8211; Wandern dienstags Treffpunkt ebenfalls am Parkplatz Lehenäcker Im Winter sind wir auf Schusters Rappen unterwegs! [&hellip;]</p>
